 a.
10
Let h(u) = -3 - 3 + u**2 + 11*u + 2. Let f = 45 - 61. Let w be h(f). What is the greatest common factor of 19 and w?
19
Let w be 93 - 94 - (0/2 + -61). Calculate the greatest common divisor of w and 36.
12
Let j be 13 - 0 - (-10 - -8). Let l = -54 - -114. Calculate the highest common divisor of l and j.
15
Suppose 3*y = -2*v - 1, 4*v + 2*y - 53 = 7*y. Let a(l) = 2*l - 10. Let w be a(v). What is the highest common divisor of 20 and w?
4
Let g(z) = 3*z + 1. Let o be g(3). Calculate the greatest common factor of o and 250.
10
Suppose 6*w = 7*w - 2. Let l(r) = -r**3 + 2*r**2 - 2. Let x be l(w). Let v = x - -57. Calculate the greatest common divisor of v and 11.
11
Let m(p) = -3*p**3 + 6*p**2 + 2*p + 1. Let i be m(-3). Let z be -2 + 16 - (3 + -2). What is the greatest common divisor of i and z?
13
Let s = -140 - -149. Let i be 1/4 - (-35)/4. Calculate the greatest common divisor of i and s.
9
Suppose 7 = -2*h + 7. Suppose a + 3*a - 5*w = 30, 2*a + 4*w - 28 = h. Calculate the greatest common factor of 15 and a.
5
Let m = 187 + 2. What is the greatest common divisor of 35 and m?
7
Suppose 0 = -i - i. Let f be (-1 + 2)*(i + 0). Suppose b + 2*b - 51 = f. Calculate the greatest common factor of 51 and b.
17
Suppose 10*i - 1575 = 455. What is the highest common divisor of 29 and i?
29
Let j = 85 + -79. Suppose w - j - 42 = 0. Calculate the highest common factor of w and 24.
24
Suppose -213*g + 2580 = -201*g. What is the greatest common divisor of g and 258?
43
Let l be 2/(-4) + 575/10. Calculate the greatest common factor of 38 and l.
19
Suppose -2*d = -539 + 533. Suppose 2*g - 205 = g + 5*u, d*g - 575 = -5*u. What is the highest common divisor of 15 and g?
15
Suppose -4*u - 192 = -3*k - 2*k, -2*k - 4*u = -60. Suppose -k + 2 = -h. Calculate the greatest common divisor of 85 and h.
17
Suppose -2*g - 5 = -31. Suppose -g*p + 320 = -8*p. What is the highest common factor of 8 and p?
8
Let z(o) = -o**3 + o**2 - o + 30. Let f be z(0). Let u = -13 - -18. Let g be (u/1)/((8/(-6))/(-4)). Calculate the greatest common divisor of g and f.
15
Let z be (-4)/(-5) + -1 - 288/10. Let v = z + 51. Calculate the greatest common divisor of v and 176.
22
Let x(t) = -45 + 44 - 3*t - 11*t + 2*t. Let b be x(-2). Calculate the highest common factor of b and 161.
23
Suppose -j = -29 + 1. Let o be (j + -4)*(3 + 13/3). What is the highest common divisor of o and 44?
44
Let s be ((-54)/(-24))/((-3)/(-12)). What is the highest common factor of 18 and s?
9
Suppose -4*q - 340 = -6*q. Calculate the highest common factor of q and 425.
85
Let n(r) = r**2 - 11*r + 16. Let m be n(10). Suppose 5*s + 3*j - 271 = 0, -5*s + 292 = -m*j + 2*j. What is the highest common factor of s and 7?
7
Let g be (1062747/45)/7 - 6/(-30). Calculate the greatest common factor of 14 and g.
14
Let l be (-9)/2*3/((-6)/4). Let n = l + 5. Let r be (-113)/(-4) - 1/4. Calculate the highest common factor of n and r.
14
Let f be (-4)/(-10) + 2/((-60)/(-5658)). What is the highest common factor of 9 and f?
9
Let z be 1 + -7 + (-8235)/(-135). What is the greatest common divisor of z and 781?
11
Suppose 13*z - 6 = 124. Calculate the greatest common factor of 830 and z.
10
Suppose 3*n + 513 = k, -3*k + 2*n + 1560 = -0*k. Let y be k/8 - 19/76. Calculate the greatest common divisor of y and 39.
13
Suppose -593 = -11*t + 1299. What is the greatest common factor of 129 and t?
43
Suppose -5*l = 256 - 81. Let a be 44/10 + 14/l. Suppose -4*q - a*j + 25 = -9*j, -j = -3. Calculate the highest common divisor of q and 30.
10
Let f be 1233/135 + 18/(-135). What is the greatest common divisor of 48 and f?
3
Let s(r) = -2*r + 6. Let x be s(0). Suppose -6 = -4*l + x. Suppose -3*k = -y + 37, -6*y + 4*y + l*k + 77 = 0. Calculate the greatest common factor of y and 5.
5
Let j = 10 + -21. Let d = j - -20. Suppose d*o + 2*r = 4*o + 137, 3*r = 3. What is the greatest common divisor of o and 27?
27
Suppose -219 = -3*j + 2*d, -3*j + 198 = -5*d - 12. Let i = -44 + j. What is the highest common factor of 93 and i?
31
Suppose -37*k = -2181 - 261. Calculate the greatest common factor of k and 44.
22
Let p(t) = 38*t**2 + 4*t. Let m be p(-2). Calculate the greatest common divisor of m and 9.
9
Let n = -739 + 1038. Calculate the greatest common divisor of 13 and n.
13
Let s(p) = 2*p**3 - p**2 + p - 1. Let t be s(1). Let f be (-3 + (-65)/(-5))*t. What is the highest common divisor of 15 and f?
5
Suppose 1 = -r + 6. Let x = r + 1. Let u(a) = a**3 - 3*a**2 - 1. Let s be u(4). What is the highest common divisor of s and x?
3
Suppose 3*n - 4*n = 2*o - 1890, 0 = -3*o - 3*n + 2841. Let t = -2453 + o. Let a be t/(-7) - 20/(-70). Calculate the highest common divisor of a and 27.
27
Suppose 5*o = 5*v - 50, -o + 0*o + 38 = 5*v. Suppose -i - 3*i + v = 0, -4*i + 13 = t. What is the greatest common divisor of t and 20?
5
Suppose 4*l - 18 = -p + 7, -5*p = -5. Let t = 13 + 3. Suppose -t - 2 = -j. Calculate the highest common factor of j and l.
6
Suppose -7*h + 266 + 175 = 0. What is the greatest common factor of h and 18?
9
Suppose -2*h = 5*o + 49, -2*h - 44 = o + 3*o. Let g be ((-42)/h)/((-3)/(-18)). Suppose -76 = -5*b + 449. Calculate the highest common divisor of b and g.
21
Suppose 11*x - 90 = x. Calculate the highest common factor of x and 369.
9
Suppose 218*m = 214*m + r + 4, -5 = -5*m + 4*r. Let y = 6 + -2. What is the highest common factor of m and y?
1
Let v = -110 + 77. Let x be ((-16)/4)/((-60)/v + -2). What is the highest common factor of x and 22?
22
Suppose -290 = 5*s - 410. What is the highest common factor of s and 84?
12
Suppose -b + 24*b = 23. Calculate the highest common factor of b and 11.
1
Suppose -949 = -10*l + 901. Calculate the highest common divisor of 222 and l.
37
Let g be 6 - 3 - 28/1. Let a = g - -55. Calculate the greatest common divisor of 10 and a.
10
Suppose -2*a + 46 = -64. Suppose -o + a = o - 5*j, 2*j + 52 = 2*o. What is the highest common factor of o and 125?
25
Let p be 45 + (-2)/(0 + -2). Suppose 6*u = 2*u - 8, -2*t + 5*u = -1022. What is the highest common factor of t and p?
46
Let y(v) = -v**2 - 11*v + 2. Let b be y(-11). Let q be (-27)/b*(7 + -9). Calculate the greatest common factor of 216 and q.
27
Suppose 0 = 48*w - 37*w - 275. What is the greatest common factor of w and 325?
25
Let b = -3 + 2. Let x(f) = -23*f**2 - f - 1. Let c be x(b). Let t = 47 + c. Calculate the highest common divisor of t and 60.
12
Suppose 73 = 3*h + 4*f, -f = 2*h + 3*f - 46. Let q be 9 + -3 + -1 + 0. Suppose 0 = q*p - 23 - h. Calculate the highest common factor of 100 and p.
10
Let l(x) = -11*x + 153. Let w be l(-9). Calculate the greatest common divisor of w and 28.
28
Suppose -86*l + 9055 = -10209. What is the greatest common divisor of 1232 and l?
112
Let q be 1/4 - 12*(-6)/(-32). Let h be 45/35 - q/(-7). Let x be (8 + 1)/(3/2). What is the highest common factor of h and x?
1
Let w be (-1294)/(-8) - (-4)/16. Let y = w + -41. Let x(t) = 11*t. Let d be x(1). What is the greatest common divisor of y and d?
11
Let m(n) = -6*n**2 - 11*n - 8. Let p be m(-4). Let i = -40 - p. Calculate the greatest common factor of 8 and i.
4
Let n = -19 - -50. Let g = n + -17. Calculate the highest common divisor of 112 and g.
14
Suppose -4*t - j = -3747, -3*t + 5*j + 0*j + 2793 = 0. Suppose 2*r - 6*r = -t. Calculate the greatest common divisor of r and 26.
26
Let w(o) = o**3 + 17*o**2 - 3*o - 35. Let h be w(-17). Calculate the greatest common factor of h and 32.
16
Suppose 12 = -5*j + 8*j. Suppose j*x + 4*g = 6*g - 10, -5*x + 5 = g. Suppose 4*m + x*m = 88. Calculate the highest common factor of 2 and m.
2
Let j(n) = -n**3 + 4*n**2 + n - 9. Let f be j(4). Let p be ((-6)/(-6))/((-1)/f). Calculate the greatest common divisor of 20 and p.
5
Suppose 2*f - 3*f = 5*l - 1852, 2*l = -3*f + 746. Calculate the greatest common factor of l and 20.
10
Suppose 4*x = 2*f + 140, 0 = -3*x + 364*f - 366*f + 91. What is the greatest common divisor of 15 and x?
3
Let l(m) = 4*m**2 + 68*m + 71. Let x be l(-25). Calculate the highest common factor of 13 and x.
13
Suppose 3*i - 4*c = -0*c + 25, 5*c = -i - 17. Suppose -i*k + 5*u = -59, 4*u - 56 = -2*k - u. Let o = -12 + k. Calculate the greatest common factor of o and 44.
11
Let k = 178 + -99. Let t = -62 + k. Calculate the greate